0, -5*w + 3 = z - 5*z. Let p = -1 + z. Suppose -o + 105 = p*o. What is the highest common divisor of o and 5?
5
Suppose 4*m + 0*m + 2 = q, 3*q + m = 32. Suppose -t + 29 + 61 = 0. Calculate the highest common divisor of q and t.
10
Suppose 0 = -2*a - 10 + 46. Let s = 4 + -6. Let t be 14/7 + 6 + s. What is the greatest common divisor of a and t?
6
Let q be (1 - 4)*(-44)/6. Calculate the highest common divisor of 22 and q.
22
Let p be (-6)/12 + (-3)/(12/(-82)). Calculate the greatest common divisor of p and 160.
20
Suppose r - 23 = -5*l, -3*r + 16 - 37 = -3*l. Suppose 5*h - 5*a = 5, -3*a - 1 = -4*h + 2*h. What is the highest common divisor of l and h?
1
Let i(f) = f**3 - 14*f**2 - 9*f + 3. Let u be i(15). Calculate the greatest common factor of u and 62.
31
Let h(x) = -5*x + 5. Let z be h(-8). Suppose -16 = -2*f + 3*g + 5, -f + 5*g - 7 = 0. What is the greatest common factor of f and z?
9
Suppose 3*s + f = -2*f + 213, -63 = -s - 3*f. What is the highest common factor of s and 30?
15
Let b(s) = s + 7. Let q be b(-10). Let p be (140/(-5))/(q - -1). Calculate the greatest common divisor of 7 and p.
7
Let x = -2 + 4. Suppose b - 20 = -x. Suppose 184*c = 2*q + 186*c - 296, -4*q + c = -572. Calculate the highest common factor of q and b.
18
Suppose -17*c + 22*c - 180 = 0. Calculate the greatest common factor of 9 and c.
9
Suppose 1 = j + 28. Let z = j - -126. What is the greatest common factor of 9 and z?
9
Let j be 1/(-4) - (-6325)/100. Calculate the greatest common divisor of j and 7.
7
Suppose 5*v - 30 = 4*v. Suppose -5*i + 3 = 8, -3*i = y - 25. Suppose 2*h = -8 + y. What is the greatest common factor of h and v?
10
Suppose -84 = 4*l + 5*a - 619, 5*a = -2*l + 275. Calculate the greatest common divisor of 52 and l.
26
Let u = -74 - -346. What is the highest common divisor of u and 34?
34
Let k = -3 + 12. Suppose 3*j - 2*p = 210, 3*j + 0*p - 204 = 4*p. What is the greatest common factor of k and j?
9
Let p be 20/11 + (-8)/(-44). Let h = 5 - p. Let q = -52 + 76. What is the highest common divisor of h and q?
3
Let p = -61 - -107. Let q = 100 - p. Calculate the greatest common factor of 6 and q.
6
Suppose -4*c + 17 = -39. Calculate the highest common factor of 112 and c.
14
Suppose 4*w = -0*w - 592. Let o = 87 + w. Let d = 43 - o. Calculate the highest common factor of d and 26.
26
Let i = 54 - 24. Let t(d) = d**3 - 6*d**2 + 10*d - 6. Let j be t(6). Let w = j - i. Calculate the highest common factor of w and 6.
6
Let f be 3/(-2) - 3/(-6). Let y be 0 + (f - 59)/(-3). Suppose -j + 1 = -y. Calculate the highest common factor of j and 168.
21
Let d be 4/(2 - 6) + -1 + 3. Let i = 6 + -2. Suppose 4*j - 5 = t + 5, 2*j = t + i. What is the highest common divisor of d and j?
1
Let h(g) be the third derivative of g**5/60 + g**4/24 - 11*g**3/6 - g**2. Let u be h(0). Let y = u + 28. Calculate the highest common factor of y and 153.
17
Let h(g) = 24*g**3 + g - 1. Let a be h(1). Let w = -114 + 204. Let p be (2/6)/(5/w). Calculate the greatest common factor of a and p.
6
Let d(j) = -2*j - 2*j + 0*j + 3*j - 6. Let n be d(-11). What is the highest common divisor of n and 20?
5
Let z = 484 - 341. Let i(p) = -p**3 - 4*p - 2. Let f be i(-3). Suppose -4*y = 4*h - h - f, -3*y + 49 = -2*h. What is the highest common factor of z and y?
13
Let w(n) = 10*n - 13. Let s(q) = 7*q - 9. Let g(z) = -7*s(z) + 5*w(z). Let k be g(5). Calculate the highest common divisor of 1 and k.
1
Suppose 27*n = 32*n - 135. What is the greatest common divisor of n and 81?
27
Let z be ((-1)/2)/(1*(-1)/12). Let d = -6 + 13. Suppose 3*c + 2*f + d - 41 = 0, 3*f + 27 = 2*c. Calculate the highest common divisor of z and c.
6
Let h(y) = 0 + 2*y - 3 + 2. Let d be h(1). What is the highest common factor of 5 and d?
1
Suppose -3*y + 40 = 4*d, 4*y - 25 = 2*y - d. What is the highest common factor of 228 and y?
12
Let c be (-2)/4*-6 + 1. Let j(p) = p**2 - 2*p - 4. Let n be j(c). Let h be 0 + 1 + (n - 1). Calculate the highest common factor of h and 12.
4
Suppose -2*l + 159 = l - g, 99 = 2*l - 3*g. Suppose 2*o + 8 = l. What is the highest common divisor of o and 46?
23
Let j(p) = p + 5. Let s(u) = -3*u - 14. Let c(n) = -17*j(n) - 6*s(n). Let k be c(4). Suppose -l = -k*l + 84. What is the greatest common divisor of l and 14?
14
Let f = 25 - 17. Calculate the greatest common divisor of f and 8.
8
Let v be (-24)/4 - (-46)/2. Let d be 4/14 + (-1900)/(-14). Calculate the greatest common factor of d and v.
17
Let v(j) = -2*j**2 + 12*j + 6. Let o be v(5). Let f be (17 - (2 + -1))/1. What is the highest common divisor of o and f?
16
Let p be 3/(-3) + -2 + 4. Calculate the highest common divisor of p and 1.
1
Suppose 79 = -4*h - 77. Let n = 55 + h. Let j be n/40 - 118/(-5). Calculate the greatest common divisor of 12 and j.
12
Let b be -4 - -2 - (-2 + -82 + -2). Let s be -1 - -1 - (-2 + 11). Let m = 21 + s. Calculate the greatest common factor of b and m.
12
Let i(n) = 9*n**3 - 2*n - 1. Let k be i(-1). Let l = k + 18. Calculate the greatest common factor of l and 10.
10
Let t = 44 - 38. Calculate the highest common divisor of t and 9.
3
Suppose -4*h = -30 - 50. Suppose 5*l - 20 = -0*l. Calculate the highest common factor of l and h.
4
Let c(f) = 14*f**3 + f - 1. Let i be c(1). Let m = 9 + 2. Let u be ((-308)/10)/(m/(-55)). Calculate the greatest common factor of u and i.
14
Let b = -70 - -130. Suppose 0 = -6*v + 3*v + 18. What is the highest common divisor of v and b?
6
Suppose -12 + 2 = -5*p. Let r = p + 8. Let o be (-2 + -6)*(-2)/2 + -3. What is the greatest common factor of r and o?
5
Let k(s) = -19*s**2 - s. Let z be k(-2). Let l = 104 + z. Let f be 4*(-3)/5*-5. What is the greatest common divisor of l and f?
6
Let x(d) = 6*d + 1. Let j be x(-4). Let i = 32 + j. What is the greatest common factor of 18 and i?
9
Let i be 80/36 - (-1 + 22/18). Calculate the greatest common divisor of i and 5.
1
Let c = -84 - -193. Suppose 0 = -4*d + 5*t + 104, -5*d - 2*t + c = -3*t. What is the greatest common factor of d and 231?
21
Suppose 2*q + 5*k - 109 = 0, -k = -5*q + 403 - 144. What is the greatest common divisor of q and 4?
4
Let b be 2 - 5/(20/(-16)). What is the greatest common factor of 12 and b?
6
Let y(w) = w**3 + 18*w**2 - 4*w - 12. Let i be y(-18). What is the highest common divisor of 40 and i?
20
Suppose r - 3 = -15. Let b be -1*5*r/10. Calculate the greatest common factor of 6 and b.
6
Suppose -5*d = -2*t + 45, 5*t - 104 = -0*t + 4*d. Let c = t - 10. What is the greatest common factor of 50 and c?
10
Suppose -7*m + 368 + 52 = 0. Calculate the highest common divisor of 12 and m.
12
Let d(l) = 4*l - 1. Let z be d(1). Let x(w) = 3*w**3 - 3*w**2 - w - 1. Let h be x(z). Suppose 0 = -0*a + a - 20. What is the highest common factor of h and a?
10
Let p be (7 - 8)/((-2)/4). Suppose p*a - 208 = -0*a. Calculate the greatest common factor of 13 and a.
13
Suppose -2*j - 108 = j. Let t be (-40)/3*j/5. Let o be (t/28)/(4/42). Calculate the greatest common factor of o and 12.
12
Let r(y) = 3*y - 21. Let x be r(18). What is the greatest common factor of 264 and x?
33
Suppose 0 = -2*x + 5*f - 12, 0*f + 4 = 3*x - 2*f. Suppose 396 = x*s - 3*g, -s - 19 = 4*g - 118. Calculate the highest common divisor of s and 11.
11
Let s(a) = -a**3 + a**2 - 2*a. Let b be s(0). Suppose 0*o + 2*o - 176 = b. Let d = 26 + -4. Calculate the highest common divisor of d and o.
22
Let u be ((-18)/4 - 1)*-6. Calculate the highest common factor of 22 and u.
11
Let g be (2 + 13)*(-1)/(-1). Suppose 3*c + 3*t = g, 4*t = -5*c + 10 + 16. Suppose 0*q + 3*q - c = 0. What is the highest common divisor of q and 6?
2
Let l = -7 + 8. Let a be -3*l/(-2)*6. What is the highest common divisor of 99 and a?
9
Let l(z) be the second derivative of 3*z**5/4 - z**4/12 + z**3/6 - z**2/2 - 3*z. Let a be l(1). What is the greatest common divisor of a and 112?
14
Let m be (-14)/8 + (-1)/4. Let n be 2*((-15)/m + -1). Calculate the highest common factor of 26 and n.
13
Suppose -4*h - 5*o + 526 = 0, 3*h - 2*o - 43 = 340. Let k = -25 - -214. Let d = k - h. What is the highest common factor of 12 and d?
12
Let v be 1 + ((-2)/3)/((-8)/2172). What is the greatest common divisor of v and 14?
14
Let w be 266/8 - (-3)/(-12). What is the greatest common factor of w and 3?
3
Let p(b) = b - 1. L